sands digit of 310192890?
9
What is the ten millions digit of 799947266?
9
What is the tens digit of 1748037016?
1
What is the ten millions digit of 59593908?
5
What is the thousands digit of 78408296?
8
What is the hundreds digit of 488427619?
6
What is the millions digit of 22706219?
2
What is the hundred millions digit of 128396738?
1
What is the millions digit of 48920783?
8
What is the ten thousands digit of 452222720?
2
What is the tens digit of 660359328?
2
What is the hundred thousands digit of 523499224?
4
What is the hundred thousands digit of 66977529?
9
What is the hundreds digit of 870214730?
7
What is the ten thousands digit of 422696120?
9
What is the hundred millions digit of 546635608?
5
What is the millions digit of 951903452?
1
What is the hundreds digit of 51325901?
9
What is the millions digit of 34434046?
4
What is the units digit of 623683053?
3
What is the hundred thousands digit of 6234322899?
3
What is the millions digit of 2292231858?
2
What is the ten millions digit of 1546767166?
4
What is the thousands digit of 195549462?
9
What is the hundred thousands digit of 259286407?
2
What is the ten millions digit of 134542193?
3
What is the ten thousands digit of 84036627?
3
What is the ten thousands digit of 162487992?
8
What is the ten thousands digit of 247745092?
4
What is the millions digit of 1763666307?
3
What is the units digit of 67464806?
6
What is the hundreds digit of 142763205?
2
What is the hundreds digit of 103996595?
5
What is the tens digit of 92571309?
0
What is the hundreds digit of 11742610?
6
What is the thousands digit of 869349597?
9
What is the ten millions digit of 933780824?
3
What is the thousands digit of 27767750?
7
What is the ten millions digit of 232584264?
3
What is the units digit of 161422695?
5
What is the thousands digit of 149277849?
7
What is the thousands digit of 282904764?
4
What is the millions digit of 991739104?
1
What is the hundred millions digit of 149754168?
1
What is the ten thousands digit of 4496448?
9
What is the hundred millions digit of 456655129?
4
What is the ten millions digit of 134555154?
3
What is the thousands digit of 40005644?
5
What is the millions digit of 27124669?
7
What is the hundred thousands digit of 712870006?
8
What is the millions digit of 22461196?
2
What is the hundred thousands digit of 732016902?
0
What is the units digit of 113148636?
6
What is the hundred thousands digit of 61780052?
7
What is the thousands digit of 43331568?
1
What is the hundred thousands digit of 64076858?
0
What is the hundred millions digit of 5325853692?
3
What is the millions digit of 352190006?
2
What is the millions digit of 57049354?
7
What is the units digit of 110903151?
1
What is the units digit of 897276721?
1
What is the tens digit of 18780666?
6
What is the hundreds digit of 425946463?
4
What is the millions digit of 76586494?
6
What is the units digit of 72635874?
4
What is the millions digit of 54581856?
4
What is the thousands digit of 361143408?
3
What is the thousands digit of 552598094?
8
What is the tens digit of 3748268447?
4
What is the millions digit of 65373029?
5
What is the hundred thousands digit of 52797100?
7
What is the hundreds digit of 723648991?
9
What is the tens digit of 987816268?
6
What is the hundreds digit of 384028369?
3
What is the ten thousands digit of 1618956590?
5
What is the ten millions digit of 17707791?
1
What is the ten thousands digit of 1722399797?
9
What is the ten thousands digit of 21464978?
6
What is the ten millions digit of 324380416?
2
What is the hundred thousands digit of 2225886440?
8
What is the units digit of 797711313?
3
What is the tens digit of 173590865?
6
What is the units digit of 323055029?
9
What is the units digit of 970800935?
5
What is the ten thousands digit of 119729457?
2
What is the ten thousands digit of 624482?
2
What is the tens digit of 342415059?
5
What is the tens digit of 21157749?
4
What is the ten thousands digit of 41959872?
5
What is the ten millions digit of 43356317?
4
What is the hundred thousands digit of 23539189?
5
What is the hundreds digit of 133194321?
3
What is the units digit of 752395033?
3
What is the millions digit of 56363309?
6
What is the tens digit of 1780359871?
7
What is the tens digit of 515328571?
7
What is the thousands digit of 612522024?
2
What is the ten thousands digit of 3281525062?
2
What is the ten thousands digit of 447099195?
9
What is the units digit of 18189256?
6
What is the units digit of 79346098?
8
What is the thousands digit of 164772243?
2
What is the ten thousands digit of 504244310?
4
What is the thousands digit of 344372633?
2
What is the ten millions digit of 1331036152?
3
What is the thousands digit of 534381657?
1
What is the hundred thousands digit of 497696596?
6
What is the tens digit of 7990722?
2
What is the hundreds digit of 2621413521?
5
What is the hundreds digit of 459343668?
6
What is the ten millions digit of 3165586546?
6
What is the units digit of 7606509369?
9
What is the thousands digit of 44932922?
2
What is the hundred thousands digit of 47230401?
2
What is the millions digit of 530536103?
0
What is the millions digit of 25248581?
5
What is the millions digit of 549641274?
9
What is the hundreds digit of 4890937051?
0
What is the units digit of 2318054267?
7
What is the thousands digit of 152142552?
2
What is the millions digit of 7433366?
7
What is the units digit of 1219228668?
8
What is the ten millions digit of 51276553?
5
What is the ten millions digit of 3175494817?
7
What is the tens digit of 75737264?
6
What is the thousands digit of 149809430?
9
What is the units digit of 7835571?
1
What is the millions digit of 990385282?
0
What is the units digit of 56078129?
9
What is the millions digit of 189406275?
9
What is the hundred thousands digit of 666149967?
1
What is the units digit of 187712792?
2
What is the ten millions digit of 1241151797?
4
What is the hundred thousands digit of 2032405153?
4
What is the ten thousands digit of 3002591786?
9
What is the units digit of 248307119?
9
What is the ten thousands digit of 2446048704?
4
What is the hundreds digit of 478230201?
2
What is the hundred millions digit of 280204914?
2
What is the hundred thousands digit of 1628220377?
2
What is the hundred thousands digit of 2248394506?
3
What is the billions digit of 2501053580?
2
What is the hundred thousands digit of 5052170814?
1
What is the thousands digit of 4492876?
2
What is the hundred millions digit of 3577602643?
5
What is the hundreds digit of 318788602?
6
What is the ten thousands digit of 808080?
0
What is the units digit of 593414949?
9
What is the hundred thousands digit of 2132237592?
2
What is the units digit of 43824643?
3
What is the ten thousands digit of 112029148?
2
What is the ten thousands digit of 28113205?
1
What is the ten millions digit of 1036963202?
3
What is the ten thousands digit of 120492993?
9
What is the tens digit of 175554781?
8
What is the millions digit of 866314729?
6
What is the ten millions digit of 847959788?
4
What is the ten thousands digit of 57385100?
8
What is the ten millions digit of 4571276116?
7
What is the ten thousands digit of 275298570?
9
What is the tens digit of 102198980?
8
What is the units digit of 75654637?
7
What is the hundred thousands digit of 63235420?
2
What is the tens digit of 239207209?
0
What is the ten thousands digit of 232642533?
4
What is the units digit of 445789541?
1
What is the hundred thousands digit of 188313799?
3
What is the hundreds digit of 19194926?
9
What is the units digit of 52248739?
9
What is the hundred millions digit of 287768212?
2
What is the thousands digit of 1862550381?
0
What is the tens digit of 141363562?
6
What is the millions digit of 4691808681?
1
What is the thousands digit of 3988508?
8
What is the tens digit of 90240337?
3
What is the millions digit of 278579370?
8
What is the ten thousands digit of 63071079?
7
What is the ten millions digit of 6356227081?
5
What is the millions digit of 426597966?
6
What is the ten thousands digit of 109177371?
7
What is the hundred thousands digit of 70381682?
3
What is the thousands digit of 290237704?
7
What is the hundreds digit of 34432239?
2
What is the units digit of 99124